s) be the first derivative of -2*s**2 + 3*s - 1. Let q be z(m). Calculate the highest common factor of q and 3.
3
Let u(g) = -2*g - 3*g + g. Let t be u(-4). Let z = -3 - -5. Calculate the greatest common divisor of t and z.
2
Let n be (2 + -2)/(4 - 3). Suppose 4*v = 3*p + 111, n*p = -v + 2*p + 29. Let m be ((-6)/5)/(2/(-5)). Calculate the highest common factor of v and m.
3
Suppose -3*l - 72 = -7*l. Suppose 14 = 2*v - l. Suppose -g - 64 = -2*g. What is the greatest common factor of g and v?
16
Let i(b) = b**2 + 12*b. Let r be i(-12). Suppose r*a = -2*a + 4. What is the greatest common factor of a and 22?
2
Suppose -5 = -5*g + 4*g. Let t(d) = -d + 9. Let b be t(8). Let a be 23*b - (-4 + 2). Calculate the greatest common divisor of g and a.
5
Let d = 3 - 3. Suppose -2*c = -d*c. Suppose c = -6*i + i + 100. Calculate the greatest common factor of i and 50.
10
Suppose p - 8 = -p. Suppose -t + 4*h - p = -5*t, 2*h = -4*t + 8. Calculate the greatest common factor of 1 and t.
1
Let y = 34 - 7. Suppose 2*a = 27 + 9. Calculate the greatest common divisor of a and y.
9
Suppose -2*a = -3*a + 35. Let s be 6/(-4)*(-60)/18. Calculate the greatest common factor of s and a.
5
Suppose -k = -4*r + 550, -4*k + 2*k + 280 = 2*r. Let q = r - 73. What is the highest common factor of 26 and q?
13
Let p(y) = -y**2 - 28*y + 41. Let f be p(-29). What is the highest common divisor of f and 8?
4
Let v = 26 + -14. Calculate the greatest common factor of 12 and v.
12
Let n(p) = 2*p**2 - 7*p + 18. Let o be n(4). Let i = 0 + 2. Calculate the greatest common divisor of o and i.
2
Let i(c) = 8*c**2 - 4. Let u be i(-3). Calculate the highest common factor of 34 and u.
34
Suppose 3*n - 3*z + 5*z = 23, 3*n - 5*z + 5 = 0. Suppose n*m - 40 = 45. What is the greatest common factor of 34 and m?
17
Let i = -24 + 42. What is the highest common factor of i and 12?
6
Suppose 0 = 6*y - 5*y - 1. Suppose y + 1 = u. Calculate the highest common factor of 6 and u.
2
Let h(p) = -p**3 + 8*p**2 + 12*p + 12. Let a be h(9). Calculate the highest common factor of a and 26.
13
Let c = 146 + -86. Calculate the greatest common factor of 24 and c.
12
Let o(t) = -12*t + 10. Let m be o(-7). Let a(g) = -g**2 - g - 17. Let k be a(0). Let p = m + k. Calculate the highest common factor of p and 11.
11
Let k = -113 - -125. Calculate the highest common factor of k and 8.
4
Let f(u) = u**3 - 8*u**2 + 9*u - 9. Let i(w) = 16 + 8*w - 9*w + 0. Let p be i(9). Let b be f(p). What is the greatest common factor of 1 and b?
1
Suppose -x = -2*p + 4, 0 = -5*x - p - 0*p - 20. Let d = 4 - x. What is the greatest common factor of 8 and d?
8
Let z(p) = -p - 4. Let k be z(-10). What is the highest common divisor of 54 and k?
6
Let y = -170 - 12. Let p = y - -647. Suppose -3*o = -5*c + p, c + 4*o = o + 75. What is the highest common factor of c and 10?
10
Let u = -1 - -1. Let v be (-2 - u) + (-5 - -5). Let y be v/(-9) + 122/18. Calculate the greatest common factor of 35 and y.
7
Suppose -a - 6 = -4*h, -8 = -2*a + 2*h + h. Calculate the greatest common factor of a and 10.
10
Let l(b) = b**3 - 8*b**2 + 7*b + 10. Let x be l(7). Let d = -9 + 19. Calculate the greatest common factor of x and d.
10
Suppose 5*o = -3*m + 31, -2*o + 3*m = -2*m. Let w be ((-40)/16)/((-3)/24). What is the greatest common factor of o and w?
5
Suppose 3*v + 0*v - 162 = 0. Let k = 66 + -30. What is the highest common factor of k and v?
18
Let d be (-2*3/12)/((-7)/1078). Calculate the highest common divisor of d and 7.
7
Suppose 0 = -7*d + 9*d. Suppose -3*o - 14 = -4*p, -p - 3 = -8. Suppose o*j - 1 - 3 = d. Calculate the highest common divisor of 2 and j.
2
Suppose -4*i + 5*n = -10, -4*n + 10 = n. Suppose 0 = -i*x + 51 + 79. Suppose -18 = -4*t + x. What is the highest common factor of t and 55?
11
Let v = -9 - -18. Let h = v - -3. Let s = -17 - -35. Calculate the highest common divisor of s and h.
6
Let a = 25 + -36. Let z(d) = d**2 + 6*d - 6. Let k be z(a). What is the greatest common divisor of k and 7?
7
Let h(s) = 63*s**2 - s - 1. Let w be h(-1). Suppose 2*q = 2 + 4. Suppose q*o = -0*o + 27. Calculate the highest common factor of w and o.
9
Let d(q) = -3 - q**3 + 4*q**2 + 2*q + 4*q**2 + 4*q**2 - 2*q**2. Let f = 30 - 20. Let v be d(f). Calculate the greatest common divisor of v and 187.
17
Suppose 0 = 2*p + 2, 4*b - 3*p - 106 - 9 = 0. Calculate the highest common divisor of b and 4.
4
Let k be 2/5 - (-6)/(-15). Suppose k = -4*p + v - 5, -v + 5 = -p - 0. Let i(g) = -g + 7. Let r be i(p). What is the greatest common factor of r and 56?
7
Let p(v) = -v**2 - 12*v + 3. Suppose -4*w - 60 = w. Let t be p(w). What is the highest common divisor of 3 and t?
3
Let y = -237 - -399. Suppose -3*d + y = 18. Calculate the highest common factor of 6 and d.
6
Let o = 7 + -4. Suppose -5*m - 2*y + 189 = 0, y = -0*y - o. Let h be -3 + 5*(m - 2). Calculate the highest common factor of 26 and h.
26
Let n(l) = -l**2 + 16*l - 20. Let f(h) = -h**3 - 7*h**2 - 8*h + 2. Let v be f(-6). Let y be n(v). Calculate the greatest common divisor of 8 and y.
8
Suppose 0 = 17*g - 89 - 47. What is the highest common divisor of 56 and g?
8
Suppose 3*p + 202 = 730. Suppose 3*w + 2*w = 120. Suppose -2 = m - w. Calculate the highest common divisor of m and p.
22
Let i = 324 + -164. Calculate the highest common divisor of 20 and i.
20
Let q be (-4 - (-9)/3) + 13. Let j = -2 + q. Calculate the highest common divisor of j and 15.
5
Suppose -22 = -2*h + 14. Let a be (-6)/(-9) - (-114)/h. Calculate the greatest common divisor of a and 14.
7
Suppose -4*u - 2*g = -210, -70 = -u + 2*g - 20. Suppose 5*p + 3 = -u. Let l = 24 + p. What is the highest common divisor of l and 104?
13
Suppose 5*h - 23 = u + 3*u, 15 = 5*h. Let w be 12*-1*(1 + u). Let l = -7 + 10. Calculate the greatest common divisor of l and w.
3
Suppose 0 = 5*y - 2*s - 25, -3*y - 4*s + 0 = 11. Calculate the highest common divisor of y and 3.
3
Let i be (-1 + (-2)/(-4))*-308. Calculate the greatest common divisor of 14 and i.
14
Suppose 0 = k + 4*k - 150. Let r be -1 - k/1*-1. Let t be 1/(-4) - r/(-4). What is the greatest common factor of 1 and t?
1
Suppose -t = 5*l - 635 - 65, 3*l - 420 = 2*t. Let n(k) = k**2 + 2*k - 7. Let g be n(5). What is the highest common factor of l and g?
28
Suppose q = 48 + 2. Let d(y) = -y**3 - 9*y**2 - 2*y + 2. Let v be d(-9). Calculate the greatest common factor of q and v.
10
Let j(t) = -7*t - 6. Let d be j(-6). What is the highest common divisor of 288 and d?
36
Let h(a) = -a + 1. Let g = -8 - -4. Let p be h(g). Suppose 4*q = 53 - 13. What is the greatest common divisor of q and p?
5
Let c(j) = -j**2 + 6*j + 9. Let m be c(7). Suppose m*b = 6*b - 44. What is the greatest common divisor of 55 and b?
11
Let u be 51/15 + 2/(-5). Suppose 124 = -u*j - 191. Let n = -9 - j. What is the greatest common divisor of n and 12?
12
Let i = 35 + -25. What is the highest common divisor of 80 and i?
10
Let l be 2/(-16) - -841*8/64. What is the highest common divisor of 21 and l?
21
Suppose 2*g + 0*b - 20 = -5*b, g = b + 3. Suppose -g*u = -0*u - 60. What is the greatest common factor of u and 60?
12
Let z be (3/(-6))/((-2)/188). Suppose 4*l + 3 - z = 0. What is the greatest common divisor of l and 22?
11
Let u = -104 - -214. What is the greatest common factor of u and 44?
22
Suppose 0 = 2*l - 5*o, 4 = 2*l - 4*l + 3*o. Let j be 2/l + 171/15. Calculate the highest common factor of 77 and j.
11
Let x be (1/((-5)/(-21)))/((-9)/(-135)). What is the highest common divisor of 7 and x?
7
Suppose 0 = -0*v - v + 57. Suppose -12 = 5*n - v. Let q be 56 + 1 + (3 - 6). Calculate the highest common divisor of n and q.
9
Let g(r) = r**2 - 4*r + 1. Let x be g(4). What is the greatest common factor of 1 and x?
1
Let z(g) = -147*g + 2. Let r be z(-2). Calculate the greatest common factor of r and 37.
37
Let o = -26 + 41. What is the highest common divisor of o and 6?
3
Let l(n) = n**2 - 4*n - 2. Let i be l(-7). What is the highest common factor of i and 30?
15
Let o(p) = -p**3 - 14*p**2 - p + 12. Let n be o(-14). Calculate the greatest common divisor of 104 and n.
26
Suppose -s - 3*x - 7 = 0, -5*s - 3*x - 2 = -3. Calculate the highest common divisor of s and 10.
2
Let y = -7 - -7. Let w(g) = g**2 + g - 6. Let o be w(y). Let c be (-45)/o*4/5. What is